 of l and 168?
24
Let j be 1 - 2/((-4)/6). Suppose 3*s + 5*x = -s + 33, -5*x = -5. Let p(o) = -o**2 + 7*o + 8. Let w be p(s). Calculate the highest common factor of w and j.
4
Let o be (-16)/(-40) - 8/(-5). Suppose -49 - o = -3*s. Let l be s/5 + (-4)/10. Calculate the greatest common divisor of 27 and l.
3
Suppose -2*m - g = -48, -4*m + 2*g = -g - 96. Let k = m + 5. Calculate the highest common factor of 232 and k.
29
Let b = 15 + 9. Let l = -6 + 13. Let z(i) = i**3 - 8*i**2 + 8*i + 5. Let o be z(l). What is the highest common divisor of o and b?
12
Let a be -6*(-2)/(-10)*-5. Let z = -93 - -210. Suppose z = 4*k - 2*k + 3*f, k - 2*f - 76 = 0. Calculate the highest common divisor of a and k.
6
Suppose g + 3*g + 4*q = 32, 4*q = -8. Suppose g = 2*r - 4. What is the greatest common factor of 1 and r?
1
Let l(b) = -b**3 + 13*b**2 - 11*b - 16. Let f be l(12). Let g(c) = -c**3 - 3*c**2 - c + 2. Let k be g(f). Calculate the highest common factor of 2 and k.
2
Suppose -y = -0*y. Suppose -5*f + f + 8 = y. Let l = -11 - -19. Calculate the highest common factor of f and l.
2
Suppose 3*z - z - 4 = 0. What is the greatest common divisor of z and 16?
2
Suppose -27 - 7 = -2*u + j, 4*j - 44 = -4*u. Calculate the greatest common factor of u and 30.
15
Let p = 12 + 0. Suppose u + 0*u - p = 0. What is the highest common factor of u and 120?
12
Let f(o) = 9*o**2. Let s be f(-1). Suppose 0*i - 214 = -2*k - 4*i, -5*k + 4*i = -479. Calculate the greatest common factor of k and s.
9
Let q(w) = -w**2 + 3*w + 4. Let d be q(3). Suppose -d*h = -32 - 148. What is the greatest common factor of 9 and h?
9
Suppose -2 = 3*m - 5. Let y be m/(-1)*(-4 - 117). Calculate the greatest common factor of 11 and y.
11
Let t be (-6 - -2)*325/(-20). Calculate the highest common divisor of t and 52.
13
Let u be 16/8 - 38/(-2). What is the highest common divisor of 336 and u?
21
Let s = -48 + 49. What is the highest common divisor of s and 9?
1
Let g(s) = -3*s**3 - s**2 + s. Let p be g(-2). Calculate the greatest common divisor of 9 and p.
9
Suppose -9 = 3*l, -4*l - 23 + 3 = -4*v. Suppose -22 = -3*p + v. Calculate the highest common factor of 8 and p.
8
Suppose -4*v - 3*n + 11 = 3, -3*n = 2*v + 2. Suppose 0 = 5*r + 2*k - 145, 0 = r + 5*k - 1 - 5. Let q = -16 + r. What is the highest common divisor of q and v?
5
Let m(n) = -7*n - 2. Let g be m(-7). Suppose -g = 5*h - 147. What is the highest common divisor of h and 160?
20
Suppose 5*q - 2*r - 135 = 0, -r - 19 = -q + r. What is the highest common divisor of 29 and q?
29
Let n be 1/4 + (-27)/12. Let z(k) = k**2 + k - 1. Let r be z(n). Let b be 17 - ((2 - -2) + 5). What is the highest common factor of b and r?
1
Let c(n) = 3*n - 15. Let w be c(8). Calculate the greatest common factor of 9 and w.
9
Let d be (-349)/(-2) - 9/(-18). Let c be (91/(-3))/((-1)/(-3)). Let l = d + c. Calculate the highest common divisor of l and 12.
12
Let g(q) = -q**3 - 7*q**2 - 2*q - 5. Let x be g(-7). What is the highest common divisor of x and 27?
9
Suppose 0 = 5*q + 138 - 413. Suppose -4*m + 9 = -q. Calculate the highest common divisor of 4 and m.
4
Suppose 313 = 4*m + 93. What is the highest common divisor of m and 33?
11
Let p be ((-114)/9)/(2/(-6)). Let h be ((-342)/(-54))/((-1)/(-15)). Calculate the highest common factor of p and h.
19
Let d be 10/(-2)*(-9)/15. Suppose -i + 2*s + 56 = s, i = d*s + 60. Suppose a - 26 - i = 0. Calculate the highest common divisor of 32 and a.
16
Suppose 5*b = -4*x + 20, 7*b - 4*b + x - 19 = 0. Suppose 0*j = -j + 2. What is the highest common factor of j and b?
2
Let k be ((-10)/(-4))/((-4)/8). Let q = k + 7. Suppose 20 - q = 3*h. Calculate the highest common divisor of h and 3.
3
Let v = 4 - -5. Let y be 6/v*(-276)/(-8). Calculate the highest common divisor of y and 46.
23
Suppose 2*c = 3*h - 16, -4*h + h + 31 = -5*c. Let z(m) = m**3 - 8*m**2 - 6*m - 9. Let v be z(9). Calculate the highest common divisor of v and h.
2
Suppose 7*j - 12*j + 165 = 0. Calculate the highest common factor of 297 and j.
33
Let k = -21 + 26. What is the highest common divisor of k and 45?
5
Let p be -13 + -2*(-4 + 3). Let u = p - -21. Let t be -3 + (6 - 1) - -28. What is the highest common divisor of t and u?
10
Let j = 171 + -159. What is the greatest common divisor of j and 20?
4
Suppose 5*j - 12 = 23. What is the highest common divisor of j and 77?
7
Let z be (4 + -1)/(-9)*9. Let o(r) = -r**3 - 4*r**2 - 3*r + 4. Let m be o(z). What is the greatest common factor of m and 2?
2
Let n(i) = i**2 + 3*i - 6. Let g be n(-5). Let j = 4 - g. Let z be (1 + 59)*(j - -1). Calculate the greatest common factor of 10 and z.
10
Let k(u) = -u**3 + 9*u**2 - 11*u + 7. Let b be k(7). Let n = b - 20. Let w(c) = -c**2 + 3*c + 2. Let o be w(2). What is the highest common divisor of o and n?
4
Let t = -69 + 239. Suppose 0 = d - 4*h - 58, -3*h - 10 = -4*d + t. Let s = 5 - -9. Calculate the greatest common divisor of s and d.
14
Suppose 2*b + 16 = -2*t - 2*b, -b = 5. Suppose 4*o = -t*d + d + 29, -2*d = 2*o - 16. Calculate the greatest common factor of o and 70.
7
Suppose 4*z - 3*z - 63 = -4*i, 4*z + 2*i - 252 = 0. Calculate the highest common divisor of 42 and z.
21
Let b(z) = -4*z**3 - 3*z**2 - 2*z - 3. Suppose 5*q = -11 + 1. Let t be b(q). What is the highest common divisor of 168 and t?
21
Suppose 10 = -5*i, i + 24 + 20 = 3*t. Let q be (t - 6) + 1 + 2. What is the greatest common factor of 77 and q?
11
Let b(p) = p**3 + 5*p**2 + 4*p + 5. Let g be b(-3). What is the greatest common divisor of g and 99?
11
Suppose l = -0*l + 3. Calculate the greatest common divisor of 27 and l.
3
Suppose 147 = 3*x - 21. Let g(h) = h + 3. Let k be g(5). What is the highest common divisor of k and x?
8
Let k(f) = -3*f - 4. Let g(j) = 8*j + 13. Let b(h) = -6*g(h) - 17*k(h). Let v = 15 - 8. Let d be b(v). Calculate the highest common divisor of d and 121.
11
Let k(r) = -r + 5. Let g be k(3). Suppose 2*p + g*p = 28. What is the greatest common factor of 35 and p?
7
Let m(t) = -t**3 + 7*t**2 - 6*t + 2. Let a be m(6). Let v be (-3)/(-3)*30 - a. Calculate the highest common factor of v and 42.
14
Let v = -16 + 26. Suppose -o = 3*u - v, -3*o = 5*u + o - 19. Calculate the highest common factor of u and 24.
3
Suppose 0 = -2*k + 15 - 3. Let f(h) = 29*h - 4. Let g be f(k). Let b = g + 6. What is the greatest common divisor of 16 and b?
16
Suppose -4*l + 5*t + 403 = 0, 137 + 273 = 4*l + 2*t. Calculate the greatest common divisor of l and 68.
34
Let s = -17 - -41. What is the greatest common factor of s and 8?
8
Suppose q + g - 30 = 0, -g = -2 + 6. Let a = q - 4. What is the greatest common divisor of a and 10?
10
Let u = 12 + -6. Suppose -u*x = -2*x. Let v(s) = -s**3 + 108. Let o be v(x). What is the highest common divisor of 12 and o?
12
Let c(w) = -w**3 + 2*w - 5. Let z be c(-4). Suppose -5*d - z = k - 169, -5*k = -4*d + 106. Calculate the highest common divisor of d and 3.
3
Let f(d) = d**3 + 10*d**2 + 3*d + 12. Let k be f(-10). Let j = k - -54. Suppose 18 = 2*c - 0*c. What is the highest common divisor of c and j?
9
Let f be 2 - (-2 + 1 - 15). Suppose -l + 6*l = 25. Suppose -5*r + 130 = -2*r - l*w, -3*r = -w - 134. Calculate the greatest common divisor of f and r.
9
Let h be -3 + (-13)/(39/(-90)). Let t = h + -13. What is the highest common divisor of t and 28?
14
Suppose -4*l + 8*l = c + 10, 2*l + 4*c = -4. Suppose 5*d + l*i = -28 + 199, -150 = -4*d + 5*i. What is the greatest common divisor of 7 and d?
7
Let d(x) = x**3 - 9*x**2 + 12*x - 12. Let s be d(8). Let g = -15 + s. Calculate the greatest common divisor of 1 and g.
1
Let c = -80 + 89. Calculate the highest common factor of 3 and c.
3
Suppose -5*v - 13 = n, n + 4*v - 5*v - 5 = 0. Suppose 0 = -s + 2 + n. What is the greatest common divisor of 28 and s?
4
Let j be 77 + 0 + 4 + -3. Calculate the greatest common factor of j and 26.
26
Suppose 22 = -5*z + 3*k, 4*z - 5*k = 6*z - 16. Let v be z*1/(-2) + 43. Calculate the greatest common divisor of 11 and v.
11
Let z be (60/35)/(2/42). What is the highest common factor of 18 and z?
18
Let h(q) = q**3 - q**2 - 4*q + 6. Let x = 6 + 6. Suppose -3*u = -5*u + x. Let w be h(u). Calculate the highest common factor of 18 and w.
18
Let t be (-500)/75*42/(-5). Calculate the greatest common factor of 24 and t.